e -f - 31 = -b. Suppose -b = -4*z + z. Calculate the remainder when z is divided by 16.
14
Let u(n) = -2*n**3 + 5*n**2 - n + n**3 + 5 + 0*n**3. Let v be u(5). Suppose c - p - 5 = 13, c + 4*p - 13 = v. Calculate the remainder when c is divided by 9.
8
Let k be 5*(114/15 - 2). Let t = -11 + k. Calculate the remainder when 50 is divided by t.
16
Suppose -4*q - 24 = -2*b, -b + 3*b - q - 18 = 0. What is the remainder when 29 is divided by b?
5
What is the remainder when ((-161)/(-21))/((-1)/(-3)) is divided by 8?
7
Let g be 3/12 + (-115)/(-4). Suppose -3*s = -2*s + 3*a - g, 4*a - 67 = -3*s. Calculate the remainder when -33*1/1*-1 is divided by s.
16
What is the remainder when (-6 - -3 - -2)*-47 is divided by (-16)/(-40) - 58/(-5)?
11
Let b = -53 + 84. What is the remainder when 61 is divided by b?
30
Suppose -15 = -x - 4*x. What is the remainder when (x - 1) + 0/1 is divided by 1?
0
Let m(y) = -8*y - 1. Calculate the remainder when 19 is divided by m(-1).
5
Suppose 4*u - 184 = 56. What is the remainder when u is divided by 21?
18
Suppose -55 = -5*o + 3*c, 5*o - 4*c - 16 = 34. Let w be ((-30)/8)/((-2)/8). Suppose -2*f = 5 - w. Calculate the remainder when o is divided by f.
4
Suppose 2*t - 62 = t. Suppose -2*o - 3*p + 29 = 0, -3*p + 112 = 5*o + 35. What is the remainder when t is divided by o?
14
Suppose 2*g - 8 = -z, 0*z - 4*z = 16. Calculate the remainder when g is divided by 2.
0
Suppose 5*p + 4 = -2*a + 150, 4*a + 5*p - 272 = 0. Calculate the remainder when a is divided by 13.
11
Let j(z) = -5*z**2 + 2*z + 4. Let r(p) = -10*p**2 + 3*p + 7. Let x(a) = 7*j(a) - 4*r(a). What is the remainder when 46 is divided by x(2)?
22
Let z(h) = h**3 + 3*h + 1. Suppose 0*y = -2*y + 6. Calculate the remainder when z(y) is divided by 13.
11
Suppose i + b = -3*i + 17, 3*i = -3*b + 15. What is the remainder when 11 is divided by i?
3
Let h(w) = 9*w + 5. Let p be h(5). Suppose -3*x = -4*x + p. Let j = 18 - 5. Calculate the remainder when x is divided by j.
11
Suppose 0 = -18*p + 17*p - g + 6, 0 = 2*p - g - 24. Calculate the remainder when 15 is divided by p.
5
Suppose 2*v = i - 0*i + 6, -2*v - 6 = i. Let z(d) = -2*d - 8. Let m be z(i). Calculate the remainder when ((-2)/m)/(1/(-82)) is divided by 11.
8
Let h(m) = m + 14. Calculate the remainder when h(15) is divided by 10.
9
Let t = -2 + 3. Let r(d) = 19*d**3 + d**2. What is the remainder when 58 is divided by r(t)?
18
Let x be ((-3)/6)/(1/(-8)). Suppose -2*t - 4*a = -24, 36 = 3*t + x*a + 8. Let g(w) = w**2 - 3*w - 4. Calculate the remainder when g(5) is divided by t.
2
Suppose n + 0*n = 9. Let d = -5 + -7. Let b = 28 + d. What is the remainder when b is divided by n?
7
Suppose -9*k + 60 = -4*k. What is the remainder when 21 is divided by k?
9
Suppose -v = -0 + 2. Let k = 33 - 22. Calculate the remainder when (-324)/(-10) - v/(-5) is divided by k.
10
Let l(x) = 2*x. Let o(n) = 4*n**2 + 5*n - 13. What is the remainder when o(3) is divided by l(5)?
8
Let r(m) = 10*m + 31. Let n(i) = 3*i + 10. Let d(g) = 7*n(g) - 2*r(g). Let k be d(-5). Let v = k + -2. What is the remainder when v is divided by 1?
0
Let g = 60 + -28. Calculate the remainder when g is divided by 9.
5
Let t = 26 + -16. Let g = -117 - -135. Calculate the remainder when g is divided by t.
8
Let p be (-2)/(-6) - 1/3. Suppose -k + 32 = -p*k. What is the remainder when k is divided by 11?
10
Suppose -54 = -13*n + 4*n. Calculate the remainder when 39 is divided by n.
3
Suppose 3*d + d - 361 = 5*a, -3*d - 2*a + 288 = 0. Calculate the remainder when d is divided by 16.
14
Suppose -5 = 5*i - 20. Let d be 4/14 + 519/21. Suppose 3*c + 4 = d. Calculate the remainder when c is divided by i.
1
Let a = 29 - 18. Let r be (-5)/20 - (-58)/8. Let f = a + r. Calculate the remainder when 34 is divided by f.
16
Let r be (-339)/(-9)*(1 + 2). Suppose -x - 61 = -2*m, m + r = -2*x + 2*m. Let q = -38 - x. Calculate the remainder when q is divided by 6.
5
Suppose -4*r + 17 = -3*h, -3*h + 23 = 4*r - 0*h. What is the remainder when (0 + 1)/(4/76) is divided by r?
4
Let o(k) = 3*k**2 + 2*k - 2. Let z be o(2). Let m = z - -1. What is the remainder when m is divided by 6?
3
Calculate the remainder when (-51)/(-6)*(4 - 2) is divided by 9.
8
Suppose 0 = -6*x + x + 140. What is the remainder when x is divided by 10?
8
Let b(l) = -l**2 + 7*l + 5. Suppose 0 = -h + 39 - 8. What is the remainder when h is divided by b(4)?
14
Suppose i + 19 - 63 = 0. What is the remainder when i is divided by 15?
14
Let m be 20/6 - (-1)/(-3). Suppose -48 = -3*h + m*p, 2*h - 6*h = -3*p - 59. What is the remainder when h is divided by 4?
3
Let a(i) = -2*i - 3. Suppose h - 2*h = -26. Calculate the remainder when h is divided by a(-6).
8
Let c(t) = t**3 - 2*t - 1. Suppose l - 9 = -2*l. What is the remainder when c(2) is divided by l?
0
Suppose 3*h = 4*h. Suppose 4*j + f + h*f - 34 = 0, 5*j - 3*f = 51. What is the remainder when j is divided by 3?
0
Let g = 19 + -17. Calculate the remainder when 3 is divided by g.
1
Suppose -3 = 2*m - 13. Let a = 20 - 18. What is the remainder when m is divided by a?
1
Suppose 3*i = -5*b + 2*i + 26, 3*i = -5*b + 18. What is the remainder when b is divided by 4?
2
What is the remainder when 16 is divided by ((-72)/16)/((-2)/4)?
7
Calculate the remainder when -7*((-8)/2)/4 is divided by 3.
1
Let y(b) = -b + 8. Let x(j) = -2*j**2 - j + 1. Let a be x(1). Let t be -6*(24/(-9))/a. What is the remainder when y(t) is divided by 6?
4
Let d = 44 + -37. Calculate the remainder when d is divided by 2.
1
Let l = -15 - -17. Calculate the remainder when 3 is divided by l.
1
Let o be 3/(1 + 2) + 3. Let m = 21 - o. Calculate the remainder when m is divided by 10.
7
Let u(x) = 4*x - 27. What is the remainder when 75 is divided by u(12)?
12
Suppose -15 = -3*l + 3*x, 0 = x - 0*x + 1. Suppose l*r - 1 - 23 = 0. Calculate the remainder when 15 is divided by r.
3
Suppose -6*u + u + 145 = 0. Suppose -u = -4*d - 9. What is the remainder when 14 is divided by d?
4
Let h(i) = 3*i**3 + 7*i**2 + 3*i + 3. Let t(v) = 2*v**3 + 6*v**2 + 4*v + 2. Let m(u) = 3*h(u) - 4*t(u). What is the remainder when 43 is divided by m(5)?
11
Let f be (-2816)/(-55) - 1/5. Let t = -28 + f. Calculate the remainder when 68 is divided by t.
22
Let x = 10 + -5. Suppose x*p - 2*a - 35 = -0*p, -5*a = -5*p + 50. What is the remainder when 17 is divided by p?
2
Suppose 0*p - 6 = 3*p - 5*f, 0 = 3*p - 2*f - 3. Calculate the remainder when 0 + p + 6 + 3 is divided by 7.
5
Suppose 2*c = 3*c - 7. Suppose 65*f - 748 - 552 = 0. Calculate the remainder when f is divided by c.
6
Let x = 18 - -9. Let t = x - -5. Calculate the remainder when t is divided by 11.
10
Let s(j) = -8*j - 1. Suppose 74 + 28 = 2*t. Suppose 5*h - t = -4*m + 3*m, 42 = 2*h - 5*m. Calculate the remainder when s(-4) is divided by h.
9
Let p(x) = x**2 + 6*x + 10. Let r be p(-7). Suppose -4*m = -r + 5. What is the remainder when 5 is divided by m?
2
Suppose -4*j = 1 - 105. What is the remainder when 155 is divided by j?
25
Let f(l) = 7*l**2 + l - 1. What is the remainder when f(-2) is divided by 9?
7
Let r(i) = -14*i. Suppose -w - 1 = -3*b - 0*w, -5*b + 5*w + 15 = 0. Let k(m) = 2*m**2 - 6*m + 7. Calculate the remainder when k(5) is divided by r(b).
13
Suppose 3*i - 5*i + 378 = 0. Calculate the remainder when i is divided by 19.
18
Calculate the remainder when 30 + 0/(-7 - -4) is divided by 11.
8
Let u = -30 + 113. Calculate the remainder when u is divided by 21.
20
Let i(a) be the third derivative of -a**4/24 + 3*a**2. Calculate the remainder when 11 is divided by i(-7).
4
Let x(a) = a + 4. Suppose 2*z = r + 6, 4*r + 2*z - 4*z = 6. Suppose -10*h + 9*h + 5 = 0. Calculate the remainder when x(r) is divided by h.
3
Let x be 0*(-1)/2 + 0. Suppose 3*l - 28 = t, -l - 3*l - 5*t + 31 = x. Calculate the remainder when -1*-17*(2 - 1) is divided by l.
8
Let r(u) = 28*u - 5. Let x be r(-5). Let b be 1 - (x + -1 + 2). Suppose 0*n - 5*n + b = 0. What is the remainder when n is divided by 10?
9
Let p(d) be the first derivative of d**2/2 - 6. Suppose 5*a + 6 - 1 = 2*f, 0 = f - 2*a - 3. Calculate the remainder when 18 is divided by p(f).
3
Let o = -112 + 190. What is the remainder when o is divided by 16?
14
Let y = -15 + 26. Suppose 5 = 3*l - 7. What is the remainder when (-1 - 4)*l*-1 is divide